2*w - a*t + 140 - 2232 = 0, 0 = -5*w - t + 5200. Is w prime?
False
Suppose -3 = -d - 56. Let n = -49 - d. Suppose 3*f + 2*q = 699, n*f + 5*q - 932 = q. Is f a prime number?
True
Let f(k) = 442*k**2 - k + 4. Let o be (0 - -12)/(22/(-99)). Let l = 57 + o. Is f(l) a composite number?
True
Let h be -2 - (-3 + 0/(-3)). Let a be (4/10)/(((-4)/(-120))/h). Let r(d) = d**2 - 2*d - 2. Is r(a) a prime number?
False
Suppose -19*s + 2406852 = -28*s. Is (-2)/(-7) - 23/(1127/s) prime?
False
Suppose 0 = -5*b + 23*b + 108. Is 12689/((-4)/b + (-1)/(-3)) composite?
False
Let k be (-4)/18 - (-6)/27. Suppose -5*j - a - 815 = -4*j, k = -2*j + 4*a - 1636. Let q = -175 - j. Is q a composite number?
False
Let l be (-264)/16 + 6/4. Let g(b) = 4*b**2 + 8*b - 13. Is g(l) a composite number?
True
Let l = 1167996 + -800257. Is l a composite number?
False
Let x(p) = -p**3 + 16*p**2 + 21*p + 17. Suppose -t + 0*n = 5*n - 13, 0 = -3*t - 2*n + 39. Is x(t) a prime number?
True
Let k(j) = 70*j - 68. Let c be k(2). Suppose 0 = c*y - 67*y - 36415. Is y a prime number?
True
Let v(t) be the first derivative of 294*t**2 + 205*t + 34. Is v(7) a composite number?
True
Suppose 5*r - 24*l = -22*l + 2032021, 3*r = -l + 1219206. Is r a prime number?
True
Suppose -573960 - 726268 = -30*l - 4*l. Is l composite?
True
Suppose -78*o + 79*o = -6, 4*o = -k + 71809. Is k a prime number?
False
Let b(k) = k**3 + 9*k**2 + 2*k + 24. Let v be b(-9). Suppose 4*u = v*u - 26. Is 3 - u*(-36 - -4) composite?
False
Suppose -116*n = -121*n + 232045. Is n a prime number?
False
Let u = -2617 + 3685. Let f = 10 - 10. Suppose -10*w + 1462 + u = f. Is w a prime number?
False
Suppose -18*u = -93 + 21. Is (-6)/u*(-2018102)/123 composite?
False
Let g(n) = 21256*n + 641. Is g(11) a composite number?
False
Let s(g) = -g**3 - 4*g**2 + 6*g - 6. Let m be s(-6). Suppose 0 = -x - 12 + m. Suppose -x*o - 11897 = -37043. Is o a composite number?
True
Let c(y) = y**2 - 14*y - 1084. Suppose -2*w + 8 = -4*w, 2*w = 3*p - 17. Let l(o) = -2*o**2 + 27*o + 2169. Let s(x) = p*l(x) + 5*c(x). Is s(0) composite?
False
Suppose 41011 = 2*v + 3*d, -5*v + 4*d = 42613 - 145175. Let j = v + -8163. Is j a composite number?
False
Suppose -405502 + 126139 = -393*n + 372*n. Is n a prime number?
False
Let d = 82704 + 22615. Is d a prime number?
True
Let i(a) = 212*a - 6. Let h be -4*(-4)/8*1. Let w be i(h). Let d = w - 165. Is d prime?
False
Let s be 3/(12/20) + -2. Suppose s*x + w = 2398, 2*x - w = 2*w + 1606. Let n = -469 + x. Is n prime?
True
Let z = 525780 - 367591. Is z prime?
True
Let l(z) = z**3 - 16*z**2 - 13*z - 20. Let k be l(20). Suppose -2*x + k = -2174. Is x prime?
True
Let c(g) = -g**3 - 2*g**2 - 2*g + 5. Let a be c(0). Let d(t) = 19*t**3 + 2*t**2 - t. Let f be d(2). Suppose 0 = a*w - 27 - f. Is w a composite number?
False
Let q be (153/18 + -9)/((-1)/(-2)). Is 4 - (-2495 + q + -7) prime?
False
Suppose 4*w + 38968 = 5*s, 0*s + w + 38977 = 5*s. Let t be (4/4)/((-2)/(s/(-2))). Suppose -29*r = -30*r + t. Is r composite?
False
Let v(g) = 99*g**2 - 14*g + 11. Let r be v(4). Let d = 1664 + r. Is d composite?
False
Suppose -4*x - 5 = -5*z, z = 2*x + 2*z - 15. Suppose -37 + 27 = -x*f. Suppose -f*j + 1249 = 3*i, 2*i = -i + 5*j + 1235. Is i a prime number?
False
Suppose -140569 - 32246 = -15*q. Is q prime?
False
Let j = 84508 + 92842. Is (12/10)/(1418820/j - 8) a prime number?
False
Let a(o) = -27*o**2 - 178*o - 360. Let c be a(-2). Let h(v) = 17*v - 3. Let w be h(-3). Let x = w - c. Is x a composite number?
True
Suppose 45320 = 35*r - 197790. Suppose -21*w - r = -59887. Is w a composite number?
False
Suppose -40 = 5*y + 2*j, -5*y + j + 0*j = 25. Let q be (-1)/(y/(-4767))*6. Is (6 - (-48)/(-9))*q/(-2) a prime number?
False
Suppose -15*h - 2600726 = -3*t - 16*h, 3*h = 4*t - 3467639. Is t composite?
False
Let s be ((-12)/(-8) + -1)*96. Suppose 3*f - 57 = -s. Is -5*((-456)/f + 1/1) composite?
True
Let g(z) = z**3 - 12*z**2 - 11*z + 11. Let c be (-3)/6 + (-100)/(-8). Let l be g(c). Let k = 358 + l. Is k prime?
False
Suppose -18*c - 2275593 = -6052551. Is c a prime number?
False
Suppose -4*h + 3011 + 45851 = -5*b, -h = -b - 12217. Is h a prime number?
False
Let k = -304 + 2218. Suppose n + 3*m - 1278 = 3*n, 0 = -3*n + 3*m - k. Is ((-20)/(-16))/((-3)/n) prime?
False
Suppose 5*p = -2 - 8. Let f(r) = r**2 + r + 2. Let o be f(p). Is o/8*-79*-4 composite?
True
Suppose 0 = 2*c - 6621 - 13269. Let f(s) = 1450*s + 96. Let b be f(4). Let r = c - b. Is r a composite number?
False
Suppose -f - 10 - 54 = -4*z, -z = f - 21. Let c(k) be the second derivative of 5*k**4/12 + 3*k**3 + 24*k**2 - 139*k + 2. Is c(z) composite?
True
Let t(l) = -3*l - 47. Let u be t(-12). Let i(s) = s**3 - 3*s**2 - s - 2. Let d(c) = -c**2 - c. Let f(k) = 3*d(k) - i(k). Is f(u) prime?
False
Suppose 18*a = -22*a + 120. Let j be (-1)/(1 - 12/10). Suppose j*l + 0*l = -4*v + 1576, 2*v - a*l = 766. Is v prime?
True
Let f = 291 - 194. Suppose 987 = 5*w + 4*v, -3*w - 5*v + 490 + f = 0. Is w composite?
False
Suppose -5*x + 273940 = -9660. Suppose 14*c = -x + 176028. Is c a composite number?
True
Let m(z) be the third derivative of 0*z - 61/12*z**4 - 5/6*z**3 + 0 + 18*z**2. Is m(-2) a composite number?
False
Let o(b) = -b**3 + 3*b**2 - 4*b + 7. Let u be o(3). Let v be 12/30 - 15103/u. Suppose -12*y - v = -15*y. Is y a prime number?
False
Let q = 158463 - 101740. Is q a composite number?
True
Let g(p) = 13*p**2 - 6. Let f be g(2). Suppose 0 = 45*w - f*w + 4. Suppose w*t + 3*t = 3731. Is t a composite number?
True
Let s(g) = -12*g + 122. Let m be s(10). Let b(v) = 2751*v**2 + 33*v - 71. Is b(m) a prime number?
False
Let x(z) = -6*z**3 + 14*z**2 + z - 12. Let h(j) = j**3 - j**2 + 1. Let d(k) = -5*h(k) - x(k). Suppose 5*m - 42 = -4*y, 4*m + 0*y = -y + 38. Is d(m) prime?
True
Let g(a) = 12*a**3 + 31*a**2 - 16*a + 96. Let p be g(29). Suppose 0 = 17*w - 70*w + p. Is w a composite number?
False
Let n(k) be the third derivative of -141*k**4/4 + 13*k**3/3 + 41*k**2. Let f be n(-8). Suppose -3*g = -4*o + f - 558, 3*o - 5*g - 4677 = 0. Is o a prime number?
True
Let w = -10034 + 16837. Suppose 10*d = 12*d + 3*g - 2716, 5*d - w = -g. Is d prime?
True
Suppose -15*k = 4*k - 20748. Let u be 4/14 + (-15489)/(-7). Let p = u - k. Is p prime?
False
Let k = -31077 + 53300. Is k a prime number?
False
Suppose 0*p + 6*p + 20242 = 353824. Is p composite?
True
Let n(x) be the first derivative of 13/2*x**2 + 16 + x**4 + 2*x - 2*x**3. Is n(7) a composite number?
False
Suppose 217 + 6811 = 4*y. Suppose 3*t - 238 = y. Let a = t - 324. Is a a composite number?
True
Let z(o) = 47747*o**2 + 35*o + 67. Is z(-2) a composite number?
True
Let s(a) be the third derivative of 3*a**4/2 - 5*a**3 + 25*a**2. Let g be s(-7). Let v = -28 - g. Is v prime?
False
Let q(f) = -5 - f - 4 + 4*f**3 + 3 + 3*f**2 - 2*f**3. Let y(t) = 9*t + 41. Let i be y(-4). Is q(i) composite?
True
Let m(l) = l**2 - l + 1. Let i(w) = 19*w**2 + 5*w - 2. Let j(b) = -i(b) - 4*m(b). Let p be j(-2). Let r = p - -607. Is r a prime number?
False
Let f be ((1 - 5) + 7)*-7. Let o be 60/14 - (-3 + (-69)/f). Suppose -5*s + o*z + 4373 = 0, 4*s - 3*z - 3230 = 269. Is s a prime number?
True
Let k = 24 + -11. Suppose -i - 22679 = -2*q, -11341 = 12*q - k*q + i. Is q a prime number?
False
Let q = -90441 + 510982. Is q prime?
False
Let h(g) = 19*g**2 + 8*g + 4. Suppose 0 = 2*r - i + 10 + 22, -42 = 3*r - 3*i. Let j = r - -13. Is h(j) prime?
True
Suppose 0 = -17*c + 7*c + 13030. Suppose 0 = 5*v - c - 9482. Is v a composite number?
True
Is ((-1018825)/(-40) + (-6)/(-48))*(-5 + 9) prime?
False
Let z be ((-20)/(-5))/(2*6/9). Suppose 0 = z*j + n + 374, -492 = j + 3*j + 3*n. Let w = j + 961. Is w a composite number?
True
Let l(b) = -b**3 - 26*b**2 - 237*b + 25. Is l(-21) a composite number?
False
Suppose 0*u - 12 = 4*u. Let d(g) = -100*g**2 + 16. Let z(f) = f. Let i(q) = -d(q) - 5*z(q). Is i(u) prime?
False
Let i(s) = -s + 3. Let u be i(2). Let l = -1789 + 1786. Is u*(6 + l) - (-581 - -1) composite?
True
Let t(q) = -q**3 - 5*q**2 - q. Let h be t(-5). Suppose 65 + 10 = h*m. Suppose -5*a + 1510 = m. Is a composite?
True
Let d(o) be the second derivative of o**4/12 + 2*o**3/3 - 5*o**2/2 - 32*o. Let b be d(0). Is 6/(150/(-1985))*b a prime number?
True
Let k(n) = 97454*n**2 + 40*n + 127. Is k(-